{"id":176,"date":"2012-07-25T19:18:00","date_gmt":"2012-07-25T16:18:00","guid":{"rendered":"http:\/\/aquatic.fi:8080\/?page_id=176"},"modified":"2020-02-17T20:14:29","modified_gmt":"2020-02-17T20:14:29","slug":"p-pentue","status":"publish","type":"page","link":"https:\/\/aquatic.fi\/?page_id=176","title":{"rendered":"P-pentue"},"content":{"rendered":"<h1>P-pentue<\/h1>\n<h3>Pennut syntyneet 14.6.2012<\/h3>\n<p>Poseidon, Penelope, Pelopeia ja Pandora 14.6.2012<\/p>\n<p>Nada on sijoitusnarttumme, joka asuu lapsiperheess\u00e4 onnellista perroneidon el\u00e4m\u00e4\u00e4. Nadasta voi sanoa, ett\u00e4 se on ns. helppo vesikoira.\tFrisbee taitaa olla Nadan laji!<\/p>\n<p>Jazun j\u00e4lkel\u00e4isiin olemme olleet tyytyv\u00e4isi\u00e4 (M-pentueemme). Moona ja Meri ovat k\u00e4yneet kerran pari n\u00e4yttelyss\u00e4 ja molemmilla varasertit. Meri on noussut Rally-tokossa alokas luokasta avoimeen luokkaan. My\u00f6s Una on edistynyt tottelevaisuuden ja mets\u00e4styksen parissa.\t<a title=\"(n) Mama Uqllu \u00e2\u20ac\u0153Una\u201d\" href=\"http:\/\/aquatic.fi\/?page_id=264\">Lis\u00e4\u00e4 Unasta&#8230;<\/a><\/p>\n<h2><a href=\"http:\/\/aquatic.fi\/wp-content\/uploads\/2012\/07\/Nada-ja-pennut-14.6.2012.jpg\"><img loading=\"lazy\" decoding=\"async\" class=\"alignnone size-thumbnail wp-image-620\" src=\"http:\/\/aquatic.fi\/wp-content\/uploads\/2012\/07\/Nada-ja-pennut-14.6.2012-280x210.jpg\" alt=\"\" width=\"280\" height=\"210\" \/><\/a><\/h2>\n<p><a href=\"http:\/\/aquatic.fi\/wp-content\/uploads\/2012\/07\/IMG_08811.jpg\"><img loading=\"lazy\" decoding=\"async\" class=\"alignnone size-thumbnail wp-image-965\" src=\"http:\/\/aquatic.fi\/wp-content\/uploads\/2012\/07\/IMG_08811-280x210.jpg\" alt=\"\" width=\"280\" height=\"210\" \/><\/a><\/p>\n<p>&nbsp;<\/p>\n<h2>em\u00e4<\/h2>\n<p>Aquatic Nereia \u201dNada\u201d<br \/>\nFI54384\/10 synt. 10.9.2010<br \/>\nLonkkanivelet C \u2013 C<br \/>\nKyyn\u00e4rnivelet 0 \u2013 0<br \/>\nSilm\u00e4t terveet tutkittu 12.9.2011<br \/>\nOptiGen \u2013status A (perustuu sukulaisten testituloksiin)<br \/>\nKilpirauhanen ok<br \/>\nNada on luonnont\u00f6p\u00f6<\/p>\n<h2>is\u00e4<\/h2>\n<p>Green Perry\u00c2\u00b4s Yazz \u201dJazu\u201d<br \/>\nFIN11099\/07 synt. 30.11.2006<br \/>\nLonkkanivelet B \u2013 A<br \/>\nKyyn\u00e4rnivelet 0 \u2013 0<br \/>\nSilm\u00e4t terveet tutkittu 30.1.2009 ja 23.11.2011<br \/>\nOptiGen \u2013status B<br \/>\nKilpirauhanen ok<\/p>\n<p>Sukusiitos 4. sukupolven mukaan 0,00%.<\/p>\n<div id=\"attachment_575\" style=\"width: 290px\" class=\"wp-caption alignnone\"><a href=\"http:\/\/aquatic.fi\/wp-content\/uploads\/2012\/07\/nada4.jpg\"><img loading=\"lazy\" decoding=\"async\" aria-describedby=\"caption-attachment-575\" class=\"size-thumbnail wp-image-575\" src=\"http:\/\/aquatic.fi\/wp-content\/uploads\/2012\/07\/nada4-280x210.jpg\" alt=\"\" width=\"280\" height=\"210\" \/><\/a><p id=\"caption-attachment-575\" class=\"wp-caption-text\">Nada 31.8.2011.<\/p><\/div>\n<div id=\"attachment_498\" style=\"width: 290px\" class=\"wp-caption alignnone\"><a href=\"http:\/\/aquatic.fi\/wp-content\/uploads\/2012\/07\/Kiara-Jo-Jazu-30082009.jpg\"><img loading=\"lazy\" decoding=\"async\" aria-describedby=\"caption-attachment-498\" class=\"size-thumbnail wp-image-498\" src=\"http:\/\/aquatic.fi\/wp-content\/uploads\/2012\/07\/Kiara-Jo-Jazu-30082009-280x210.jpg\" alt=\"\" width=\"280\" height=\"210\" \/><\/a><p id=\"caption-attachment-498\" class=\"wp-caption-text\">Jazu<\/p><\/div>\n","protected":false},"excerpt":{"rendered":"<p>P-pentue Pennut syntyneet 14.6.2012 Poseidon, Penelope, Pelopeia ja Pandora 14.6.2012 Nada on sijoitusnarttumme, joka asuu lapsiperheess\u00e4 onnellista perroneidon el\u00e4m\u00e4\u00e4. Nadasta voi sanoa, ett\u00e4 se on ns. helppo vesikoira. Frisbee taitaa olla Nadan laji! Jazun j\u00e4lkel\u00e4isiin olemme olleet tyytyv\u00e4isi\u00e4 (M-pentueemme). Moona ja Meri ovat k\u00e4yneet kerran pari n\u00e4yttelyss\u00e4 ja molemmilla varasertit. Meri on noussut Rally-tokossa alokas [&hellip;]<\/p>\n","protected":false},"author":1,"featured_media":0,"parent":2926,"menu_order":0,"comment_status":"closed","ping_status":"closed","template":"pentumaja.php","meta":{"footnotes":""},"class_list":["post-176","page","type-page","status-publish","hentry"],"_links":{"self":[{"href":"https:\/\/aquatic.fi\/index.php?rest_route=\/wp\/v2\/pages\/176","targetHints":{"allow":["GET"]}}],"collection":[{"href":"https:\/\/aquatic.fi\/index.php?rest_route=\/wp\/v2\/pages"}],"about":[{"href":"https:\/\/aquatic.fi\/index.php?rest_route=\/wp\/v2\/types\/page"}],"author":[{"embeddable":true,"href":"https:\/\/aquatic.fi\/index.php?rest_route=\/wp\/v2\/users\/1"}],"replies":[{"embeddable":true,"href":"https:\/\/aquatic.fi\/index.php?rest_route=%2Fwp%2Fv2%2Fcomments&post=176"}],"version-history":[{"count":21,"href":"https:\/\/aquatic.fi\/index.php?rest_route=\/wp\/v2\/pages\/176\/revisions"}],"predecessor-version":[{"id":2978,"href":"https:\/\/aquatic.fi\/index.php?rest_route=\/wp\/v2\/pages\/176\/revisions\/2978"}],"up":[{"embeddable":true,"href":"https:\/\/aquatic.fi\/index.php?rest_route=\/wp\/v2\/pages\/2926"}],"wp:attachment":[{"href":"https:\/\/aquatic.fi\/index.php?rest_route=%2Fwp%2Fv2%2Fmedia&parent=176"}],"curies":[{"name":"wp","href":"https:\/\/api.w.org\/{rel}","templated":true}]}}