{"id":286,"date":"2012-07-26T22:36:34","date_gmt":"2012-07-26T19:36:34","guid":{"rendered":"http:\/\/aquatic.fi:8080\/?page_id=286"},"modified":"2020-02-17T20:14:29","modified_gmt":"2020-02-17T20:14:29","slug":"u-oinopion-paavo","status":"publish","type":"page","link":"https:\/\/aquatic.fi\/?page_id=286","title":{"rendered":"(u) Oinopion &#8221;Paavo&#8221;"},"content":{"rendered":"<h1>Oinopion &#8221;Paavo&#8221;<\/h1>\n<div id=\"attachment_1812\" style=\"width: 290px\" class=\"wp-caption alignleft\"><a href=\"http:\/\/aquatic.fi\/wp-content\/uploads\/2012\/07\/kuva.jpg\"><img loading=\"lazy\" decoding=\"async\" aria-describedby=\"caption-attachment-1812\" class=\"size-thumbnail wp-image-1812\" src=\"http:\/\/aquatic.fi\/wp-content\/uploads\/2012\/07\/kuva-280x210.jpg\" alt=\"\" width=\"280\" height=\"210\" \/><\/a><p id=\"caption-attachment-1812\" class=\"wp-caption-text\">Paavo on oikea herrasmies pentua kohtaan, ymm\u00e4rt\u00e4\u00e4 n\u00e4k\u00f6j\u00e4\u00e4n, ett\u00e4 kyseess\u00e4 on pentu. Nyt alkaa jopa leikki maistua kesken\u00e4\u00e4n!<br \/>09-2013<\/p><\/div>\n<div id=\"attachment_601\" style=\"width: 290px\" class=\"wp-caption alignnone\"><a href=\"http:\/\/aquatic.fi\/wp-content\/uploads\/2012\/07\/paavo2.jpg\"><img loading=\"lazy\" decoding=\"async\" aria-describedby=\"caption-attachment-601\" class=\"size-thumbnail wp-image-601\" src=\"http:\/\/aquatic.fi\/wp-content\/uploads\/2012\/07\/paavo2-280x210.jpg\" alt=\"\" width=\"280\" height=\"210\" \/><\/a><p id=\"caption-attachment-601\" class=\"wp-caption-text\">Paavo 25.4.2011.<\/p><\/div>\n<div id=\"attachment_602\" style=\"width: 290px\" class=\"wp-caption alignnone\"><a href=\"http:\/\/aquatic.fi\/wp-content\/uploads\/2012\/07\/paavo1.jpg\"><img loading=\"lazy\" decoding=\"async\" aria-describedby=\"caption-attachment-602\" class=\"size-thumbnail wp-image-602\" src=\"http:\/\/aquatic.fi\/wp-content\/uploads\/2012\/07\/paavo1-280x210.jpg\" alt=\"\" width=\"280\" height=\"210\" \/><\/a><p id=\"caption-attachment-602\" class=\"wp-caption-text\">Paavo 17.4.<\/p><\/div>\n","protected":false},"excerpt":{"rendered":"<p>Oinopion &#8221;Paavo&#8221;<\/p>\n","protected":false},"author":1,"featured_media":0,"parent":178,"menu_order":0,"comment_status":"closed","ping_status":"closed","template":"pentumaja.php","meta":{"footnotes":""},"class_list":["post-286","page","type-page","status-publish","hentry"],"_links":{"self":[{"href":"https:\/\/aquatic.fi\/index.php?rest_route=\/wp\/v2\/pages\/286","targetHints":{"allow":["GET"]}}],"collection":[{"href":"https:\/\/aquatic.fi\/index.php?rest_route=\/wp\/v2\/pages"}],"about":[{"href":"https:\/\/aquatic.fi\/index.php?rest_route=\/wp\/v2\/types\/page"}],"author":[{"embeddable":true,"href":"https:\/\/aquatic.fi\/index.php?rest_route=\/wp\/v2\/users\/1"}],"replies":[{"embeddable":true,"href":"https:\/\/aquatic.fi\/index.php?rest_route=%2Fwp%2Fv2%2Fcomments&post=286"}],"version-history":[{"count":5,"href":"https:\/\/aquatic.fi\/index.php?rest_route=\/wp\/v2\/pages\/286\/revisions"}],"predecessor-version":[{"id":2975,"href":"https:\/\/aquatic.fi\/index.php?rest_route=\/wp\/v2\/pages\/286\/revisions\/2975"}],"up":[{"embeddable":true,"href":"https:\/\/aquatic.fi\/index.php?rest_route=\/wp\/v2\/pages\/178"}],"wp:attachment":[{"href":"https:\/\/aquatic.fi\/index.php?rest_route=%2Fwp%2Fv2%2Fmedia&parent=286"}],"curies":[{"name":"wp","href":"https:\/\/api.w.org\/{rel}","templated":true}]}}